323*c**5/30 + 13*c**4/24 - 7*c**3/3 + 20*c**2 - 3. What are the prime factors of g(1)?
3, 5, 43
Suppose -4*j - 3*z + 6048 = 0, 0 = -5*j + 198*z - 201*z + 7560. List the prime factors of j.
2, 3, 7
Let q(i) = i**3 - 4*i + 407. Let f be q(0). Suppose -3*l + f = 4*b - 274, -5*b = l - 216. List the prime factors of l.
3, 7, 11
List the prime factors of (0 - 1*-5) + (33656 - (-20 - 8)).
59, 571
Let j = 49 - 86. Let o = 37 + j. Suppose 0 = -2*a - o*a + 2*p + 162, a = 3*p + 83. List the prime factors of a.
2, 5
What are the prime factors of -67605*(-9 + 104/12)?
5, 4507
Suppose 155*i - 55*i - 1252941 = 1034859. List the prime factors of i.
2, 3, 31, 41
Suppose -18 + 24 = 3*y. Suppose -2 = -3*b - 2*l, y*b + 2*l + 6 = -3*l. Suppose b*v - 3*u - 422 = -7*u, 0 = 3*v + 3*u - 648. List the prime factors of v.
13, 17
Suppose -4*f = 2*l - 62838, -205*f - 3*l = -209*f + 62863. What are the prime factors of f?
2, 491
What are the prime factors of ((-2373)/(-4))/3*(53 - 17)?
3, 7, 113
Suppose -2*w + 13 = -g + 105, -5*g - 3*w = -434. Let d = -42 + g. List the prime factors of d.
2, 23
Let w = -53562 - -79556. List the prime factors of w.
2, 41, 317
Let k(l) = 2*l**2 - 2*l - 2*l**2 - l**2 + 21. Suppose 3086*f = 3093*f. List the prime factors of k(f).
3, 7
Suppose 2*o - 6 = 0, -8*a + 165 = -7*a - 5*o. Let c = 858 - a. List the prime factors of c.
2, 3, 113
Suppose -12*l - 6*l = -630. Suppose l*h = 27*h + 3456. What are the prime factors of h?
2, 3
Let k(h) = h**2 + 0 + 4 - 4*h**3 - 3*h - 1 + 83*h**3. What are the prime factors of k(2)?
3, 211
Suppose 0 = -5*r + 20, 0 = 2*h + 144*r - 147*r - 33036. What are the prime factors of h?
2, 3, 17
Let d = 9824 + 1142. What are the prime factors of d?
2, 5483
Suppose -9*h = -13*h + 16. Suppose -h*b + 5*b - 90 = -d, 0 = -2*b. What are the prime factors of d?
2, 3, 5
Let b be -3*((-6)/(-21) + (-3989)/21). Suppose 5*s = 4*g + 2813, 15*s + 4*g = 16*s - b. What are the prime factors of s?
3, 11, 17
Let z(k) = 6*k**3 - k**2 - 3*k - 8. Let t be z(4). Let g(p) = p**3 - t*p + 0 - 8*p**2 + 5 + 352*p. What are the prime factors of g(8)?
37
Let o(t) = t**3 - 18*t**2 + 18*t - 14. Let s be o(17). Let n be ((-51)/s)/(((-21)/9)/7). Let a = n + 21. What are the prime factors of a?
2, 3
Suppose -b + 3 = 2, -o + 5*b = 0. Suppose 0*h = o*h - 30. List the prime factors of 12/(-18)*h*-5*1.
2, 5
Let b(p) = -232*p + 1159. What are the prime factors of b(-54)?
13687
Let s be -15*20/(-15) + (1 - 3). Let y be s/(-30) + (-2)/5. List the prime factors of y + (-2)/(6/(-195)).
2
Let k = 47 + -49. Let u be k + (-255)/4 - 1/4. Let z = u + 178. List the prime factors of z.
2, 7
Let w be (-3 + -6)*7/((-147)/35). Suppose -w*b = 14*b - 51736. What are the prime factors of b?
2, 223
Suppose 2 = -9*b + 290. Let v = b - 18. List the prime factors of (v/(-8))/7 - 666/(-8).
83
Let i be -5 - -8 - 6 - -6. Suppose -5163 = -4*q + i*m, -2*m = -12*q + 13*q - 1277. What are the prime factors of q?
3, 11, 13
What are the prime factors of ((-271928)/266)/(-3*(-4)/(-42)) + 4?
2, 3, 199
Suppose 0 = -32*i - 5018 + 18618. Suppose t - y = i, -4*y - 1147 + 289 = -2*t. What are the prime factors of t?
421
Suppose k - 5*h = 11479, h - 47 = -49. What are the prime factors of k?
3, 3823
Let l(o) = 0 + 130 + 79 - 227*o. List the prime factors of l(-5).
2, 3, 7
Let p = 3291 - 8631. List the prime factors of (p/75)/(2/(-15)).
2, 3, 89
Let n(t) = 6 - 16*t - 28 + 119*t. Let g be n(9). Suppose 61*p = 66*p - g. List the prime factors of p.
181
Suppose 25*r - 24*r - 71 = 0. Suppose 3*b + 3*l = 798, 4*l = 2*b - 443 - r. What are the prime factors of b?
263
Let v = -333 - -368. Suppose s = -3*z + 40, -3*s = -2*z + v - 1. List the prime factors of z.
2, 7
Suppose -4*i - 873 = w - 2748, 3*i - 3*w - 1410 = 0. Let c = -443 + i. List the prime factors of c.
2, 13
Let t = -309 + 319. Let q(n) = -n**3 + 12*n**2 - 8*n + 24. List the prime factors of q(t).
2, 3
Suppose -1786*z + 3172 = -1782*z. List the prime factors of z.
13, 61
Suppose -20 = 735*k - 730*k, -q = 2*k - 9195. What are the prime factors of q?
9203
Let l(t) = 15*t + 41. Let n be 6/(-5 - -23)*(-6)/(-2). Let m be 9*1*((-1)/n - -2). List the prime factors of l(m).
2, 11
Suppose 3*i = -7*d + 252715, -21*d + 18*d + 108327 = -i. What are the prime factors of d?
2, 7, 2579
Suppose -146 = -6*b + 94. Let p be (32/b)/(2/40). Let c = 26 + p. List the prime factors of c.
2, 3, 7
Suppose 14611 + 34764 + 258296 = 13*f. List the prime factors of f.
3, 7, 23
Suppose -2*i - 1 = p + 2*p, 0 = -2*i - 5*p - 3. Let d be 2 + 2 + (2 - i). Suppose -d*h = -a - 279, -4*h + 4*a - 5*a + 225 = 0. List the prime factors of h.
2, 7
Let g(n) be the third derivative of n**5/3 - n**4/12 - 13*n**3/6 + 2*n**2 + 37. List the prime factors of g(-4).
3, 5, 7
Suppose 9*j - 6 = 12. Suppose -2*l - j*s = 2*s - 22, 4*l - 14 = 2*s. Suppose -q = -133 + l. What are the prime factors of q?
2
Let g = -9 - -54. Suppose j - g = -39. Suppose j*s - 308 - 382 = 0. List the prime factors of s.
5, 23
Suppose 0 = 4*n + 289*w - 288*w - 14232, w = 0. List the prime factors of n.
2, 3, 593
Suppose 10*a = 8*a - 72. List the prime factors of 109 - (-17)/((-102)/a).
5, 23
Let a(u) = -u**2 - 13*u - 16. Let d be a(-8). Suppose -d = -2*m - 2*m. Let j(p) = -p**3 + 8*p**2 - 2*p + 2. List the prime factors of j(m).
2, 31
Suppose 0 = -13*n + 17*n - 8. Let f(t) = 4*t + 7*t**2 - 2 - 9*t**n + 4*t**2. What are the prime factors of f(3)?
2, 7
Suppose -101100 = 22*t - 37*t. List the prime factors of t.
2, 5, 337
Let m(n) = 610*n**2 - 17*n - 17. Let y(d) = -1526*d**2 + 42*d + 42. Let q(w) = -12*m(w) - 5*y(w). What are the prime factors of q(-2)?
2, 7, 89
Let r = 9222 - 4795. List the prime factors of r.
19, 233
Suppose 14*k + 7*k + 2*k = 9338. What are the prime factors of k?
2, 7, 29
Suppose -5*t - 37 = 73. Let g be t*1/(-2) + 4. Suppose 5*n - 5*a = g, n + a - 25 = -2*n. What are the prime factors of n?
7
Let l(o) = -2*o + 5. Let i be l(5). Let u(t) be the third derivative of -t**6/60 - 2*t**5/15 - t**4/4 + t**3/3 - 18*t**2 + 2. List the prime factors of u(i).
2, 41
Let n = -16 + 18. Let w be 4/((-8)/6) - (7 - 249). Suppose -2*i - t + w = n*t, -2*i + 241 = t. List the prime factors of i.
11
Let t = 52153 - 29955. List the prime factors of t.
2, 11, 1009
Let q(p) = 2*p**2 + 52*p + 137. Let v(z) = z**3 + 14*z**2 + 17*z + 15. Let o be v(-13). List the prime factors of q(o).
3, 317
Suppose 3173*b = 3183*b - 271860. What are the prime factors of b?
2, 3, 23, 197
Let z(s) = -s**2 - 9*s + 49. Let n be z(6). Let h = n - -11. Let r = h + 95. List the prime factors of r.
5, 13
Let w(g) = 45*g - 61. Let l be w(10). Let b = -46 + l. What are the prime factors of b?
7
Let p be ((-12)/(-9))/(2/6) - 19. Let k(a) = a**3 + 17*a**2 + 17*a - 32. List the prime factors of k(p).
163
Let d(y) = 4*y**2 + 405*y - 207. What are the prime factors of d(-102)?
3, 11
Let h = 13 - 31. Let d be ((840/h)/(-10))/((-1)/(-21)). Suppose d - 314 = -3*s. What are the prime factors of s?
2, 3
Suppose 14*c + 4*c = 54. Suppose -210 + 63 = c*p. Let g = p + 212. What are the prime factors of g?
163
Let g(d) = -3*d**3 + 3*d**2 + 116*d + 22. Let z be g(-14). Suppose 21*n - z = 3*n. List the prime factors of n.
401
Suppose 4*x + 21*x = -x + 97500. What are the prime factors of x?
2, 3, 5
Let c = 99 + -101. List the prime factors of (-508)/((-40)/15 - c).
2, 3, 127
Let n(g) = -447*g + 1788. List the prime factors of n(-4).
2, 3, 149
Let w(n) = 6*n - 16*n + 6*n + 126 + 19*n. List the prime factors of w(6).
2, 3
Suppose -6510 = -11*f + 5*f. Suppose 237 - f = -4*c. List the prime factors of c.
2, 53
Let d be (7/5 - -1)/((-4)/(-10)). Suppose -3*c + 2*w = -23, -2*c - w + 0 + d = 0. What are the prime factors of -47*-1*5/c?
47
Suppose 262*k + 7995360 = 502*k. List the prime factors of k.
2, 16657
Let x(k) = -4*k + 2 - 5*k - 20*k. Let f be (60 - 55)/((7 - 6) + (-3 - -1)). List the prime factors of x(f).
3, 7
Let u(q) = -2*q**2 + 22*q + 5514. List the prime factors of u(0).
2, 3, 919
Let d(s) = -s**3 - s**2 - 7*s - 7. Let v be d(-1). Let f = -1 + 6. Suppose -2*b + 14 + 58 = -4*t, v = -5*b - f*t + 225. List the prime factors of b.
2, 3, 7
Suppose 4*v = 5*r + 10948, 2*v + v - 5*r = 8206. Suppose -51*y + 57*y = v. What are the prime factors of y?
457
Let r = -1092 - 